vided by f?
17
Suppose 0 = s - 3*n + 2*n - 8, -s = 2*n - 17. Let x(f) = -6*f - 10 + 11*f - 12*f. Calculate the remainder when x(-4) is divided by s.
7
Suppose -2*s = -3*o - 67, -55*s + 51*s + 119 = -o. What is the remainder when 115 is divided by s?
28
Calculate the remainder when -3*(-49)/63*3 + 234 is divided by 33.
10
Let y(p) = 3*p + 0*p + p**3 + p**2 - 3*p - p. Let i be y(-2). Calculate the remainder when 1 is divided by (i/6)/(15/(-45)).
0
Let u(z) = -82*z - 131. Calculate the remainder when u(-4) is divided by 54.
35
Let b = 8 - -53. Let v(p) be the third derivative of p**5/20 - p**4/24 + p**3/6 - 12*p**2. Calculate the remainder when b is divided by v(-3).
30
Suppose -5*m + 230 = 2*x, 3*m - 238 = x - 3*x. Suppose 0*s + 2*s - 160 = -2*c, 2*c - 5*s = x. Calculate the remainder when c is divided by 27.
21
Suppose -6*g + 3*g + 432 = 0. Suppose d - 5*d + g = 0. Calculate the remainder when d is divided by 13.
10
Suppose -2*o = 0, -n - 5*o - 168 = -4*n. What is the remainder when 170 is divided by n?
2
Suppose 53*m = 33*m + 440. Calculate the remainder when 52 is divided by m.
8
Let z = -1241 + 1256. What is the remainder when 599 is divided by z?
14
Let v(x) = 35*x. Let h be v(4). Let b = h + -57. Suppose a = -0*a + 5*m + b, 4*m = -4*a + 284. Calculate the remainder when a is divided by 25.
23
Let r = 17 - 14. Suppose -r*f = -7*f + 12. What is the remainder when 22 is divided by (f/(-5))/(1/(-10))?
4
Suppose -61 = -2*o - 13. Calculate the remainder when 46 is divided by o.
22
Suppose 17*r = 21*r - 28. Suppose r*s - 291 = 1046. Calculate the remainder when s is divided by 32.
31
Let j(x) = -x + 1. Let n be j(-3). Suppose -n*s + 40 = s. Calculate the remainder when 22 is divided by s.
6
Let b = 89 + 98. Suppose -38*h + 485 - 580 + 1539 = 0. Calculate the remainder when b is divided by h.
35
Suppose -11*w = -9*w + 34. Let o = 24 + w. Calculate the remainder when 11 is divided by o.
4
Calculate the remainder when 14 is divided by 1*4 - (-22 - -20).
2
Let w be (-22)/(-77) + (-38)/(-14). Let z(u) = u**2 + 2*u - 5*u**3 + 4*u**w + 6*u**2 + 0*u. What is the remainder when z(6) is divided by 13?
9
Suppose -1193*f - 3516 = -1205*f. Calculate the remainder when f is divided by 27.
23
Let k = -18 + 25. Let n(y) = 5*y + 11. Calculate the remainder when n(k) is divided by 7.
4
Let b(z) = 24*z**2 + 67*z - 6. What is the remainder when 232 is divided by b(-3)?
7
Let k = -228 - -415. Calculate the remainder when k is divided by 47.
46
Suppose 15*m = 21*m - 4308. What is the remainder when m is divided by 80?
78
Suppose -w + 2*x = -41 - 13, -2*w = -5*x - 104. Suppose -5*l - 69 = -4*f, -12 - 3 = -5*l. What is the remainder when w is divided by f?
20
Let w = 502 - -305. What is the remainder when w is divided by 45?
42
Suppose -q + 10 + 5 = 0. Let v = -10 + q. What is the remainder when 27 is divided by v?
2
Suppose 7*n - 2*n = 35. Let k(f) = 9*f - 17. Calculate the remainder when k(5) is divided by (-2)/n - 144/(-14).
8
Calculate the remainder when 2/13 - (2 + (-594)/26) is divided by 10.
1
Let i = -5 + 5. Suppose -4*f + 20 - 8 = i. Let w(q) = 5*q - 4. Calculate the remainder when 18 is divided by w(f).
7
Suppose -3*a - 2 = -17. Let c be 2/a + (-7344)/(-90). Suppose -5*f = c - 272. Calculate the remainder when 150 is divided by f.
36
Let c(f) = -f + 71. What is the remainder when 219 is divided by c(27)?
43
Suppose 3*z = 7*z - 44. Let g = z + -7. Let k(n) = -n**3 + 6*n**2 - 5*n - 2. Calculate the remainder when 49 is divided by k(g).
9
Let y(r) = -r**3 - 15*r**2 + r + 13. Let q be y(-15). Calculate the remainder when (29 + -8)/(q + 3 + 0) is divided by 5.
1
Suppose 31*k + 21 = 32*k. Suppose -24*t = -k*t - 45. What is the remainder when 87 is divided by t?
12
Let w(o) = 2*o**2 - o - 1. Let r be w(-2). Let m = -4 - r. Let v = m + 17. What is the remainder when 15 is divided by v?
3
Let x = 329 + -323. Let n = 5 - 8. Let j = n - -7. What is the remainder when x is divided by j?
2
Let s(n) = -n**3 - 17*n**2 - 60*n - 26. Calculate the remainder when s(-13) is divided by 44.
34
Let g be (-12)/(-54) + (-716)/(-18). Suppose 3*c + 148 - g = 0. Let z = c + 63. Calculate the remainder when z is divided by 7.
6
Suppose j = 52 - 53. Calculate the remainder when 59 is divided by (-2 - -2) + 9 + j + 4.
11
Calculate the remainder when (-7 - 0)/(1 + (-16)/12) is divided by 5.
1
Suppose 2*i - 36 = 6*i. What is the remainder when 74 is divided by (-88)/(-12)*i/(-6)?
8
Let g(y) = -y**3 + 4*y**2 + 6*y + 3. Let x(z) = -z**3 + 19*z**2 - 16*z - 33. Let r be x(18). What is the remainder when g(r) is divided by 8?
6
Let s = -97 + 138. Let g = 28 - 22. What is the remainder when s is divided by g*(-4)/(-36)*21?
13
Let t = 4 - -18. Suppose n = -3*r + 41, 2*r - r = -2*n + t. Calculate the remainder when r is divided by 5.
2
Let l(d) = 130*d - 372. Calculate the remainder when 711 is divided by l(3).
9
Let y be 90/(((-2)/15)/(2/(-10))). Suppose 0 = -2*m + 11*m - y. What is the remainder when 41 is divided by m?
11
What is the remainder when 237 is divided by (2 - 174/15)*(-5 - 0)?
45
Suppose 8*p - 22 = 114. Calculate the remainder when p is divided by 7.
3
Let m be (-30)/2*(-12)/18. Let x(j) = 3*j**2 - 25*j + 7. What is the remainder when x(m) is divided by 12?
9
Let u(n) = -n + 14. Let p(b) = 3 - 2*b + 19 + 7. Let t(o) = -3*p(o) + 7*u(o). Calculate the remainder when t(9) is divided by 1.
0
Let n(k) = k**2 - 3. Calculate the remainder when (-2148)/(-54) - (-6)/(-27)*-1 is divided by n(-5).
18
Let b be 51/9 - (2 + (-16)/12). Suppose -4*u + b = -11. What is the remainder when 4 is divided by u?
0
Let a = 26 + -29. What is the remainder when 26 is divided by (-64)/12*a/2?
2
Let k(p) = 5*p + 31. Let y be k(-7). Calculate the remainder when 38 is divided by 2*y/16*-2*13.
12
Suppose -3948 = -15*w - 32*w. Calculate the remainder when w is divided by 10.
4
Let q(s) = s**2 + 12*s + 10. Let x(v) = v**2 + 13*v. Let c be x(-12). Let o be q(c). Let b = o - -7. What is the remainder when 50 is divided by b?
16
Let y = -72 - -78. Calculate the remainder when 22 is divided by y.
4
Suppose 22*w + 50 = 248. Calculate the remainder when 53 is divided by w.
8
Let z(g) = g**2 + 33*g + 123. Suppose -144 = -4*v + 16. Calculate the remainder when z(-34) is divided by v.
37
Let o(y) = -47*y + 256. Suppose 5*n = 2 - 17, -5*m - 3*n = -271. Calculate the remainder when m is divided by o(5).
14
Let r(b) = 3*b**3 + 2*b**2 - 11*b - 3. What is the remainder when r(4) is divided by 60?
57
Let w(n) = -n**3 - 6*n**2 + 6*n - 2. Suppose -11*u + 58 = -9*u. What is the remainder when u is divided by w(-7)?
4
Let d be (-2)/13 - (-102)/(-13). Suppose -3*n + 109 = 2*u, -2*n = 3*u - 46 - 20. What is the remainder when n is divided by ((-10)/d)/(10/80)?
9
Let f = -57 - -248. Calculate the remainder when f is divided by 8.
7
Suppose -18 = -2*a + 2*w, -5*a + w + 0*w = -25. Calculate the remainder when (-38)/(-4)*4*6/a is divided by 12.
9
Let v(a) = a**3 + 11*a**2 + 20*a - 3. Suppose -1 = -z, -3*u - 27 = -5*u + 3*z. Calculate the remainder when v(-8) is divided by u.
14
Calculate the remainder when 196 is divided by 99/(-12)*(-13 + 9).
31
Let c(s) = -s**3 + 4*s**2 - 4*s + 4. Let j = -2 - -5. Calculate the remainder when (-66)/(-8) + -6 - (-1)/(-4) is divided by c(j).
0
Let c = 82 - 79. What is the remainder when 25 is divided by c?
1
Suppose -32 = -t - 29. Suppose 3*q - w - w = 120, 33 = q - t*w. What is the remainder when 167 is divided by q?
41
Let j be -1 - 3 - -7 - 33. Let c = 33 + j. What is the remainder when (-2)/(-7) - 300/(-28) is divided by c?
2
Let s(o) = 3*o + 65. Suppose 4*h - 2*h = -j + 72, 3*j = 2*h - 56. Calculate the remainder when h is divided by s(-20).
4
Let y(q) = 5*q + 2. Let v(r) = 2*r**2 + 3*r - 18. Let c be v(-9). What is the remainder when y(3) is divided by 26/c + (-43)/(-9)?
2
Suppose 0 = -q - 2*f + 77, 5*q - 415 = -4*f - 0*f. What is the remainder when q is divided by (-20 - (-391)/17) + 7?
7
Suppose j + 4*j - 45 = 0. Let v = j + -7. Suppose -v*n = 4 - 10. What is the remainder when n is divided by 1?
0
Suppose -34 - 164 = -11*r. What is the remainder when 118 is divided by r?
10
Let a be (-9448)/(-56) + ((-57)/21 - -3). Let p = -132 + a. Calculate the remainder when 72 is divided by p.
35
Suppose 5*v